mainder when 4890 is divided by 1522.
324
Calculate the remainder when 300900 is divided by 11.
6
Calculate the remainder when 570397 is divided by 1550.
1547
What is the remainder when 4150 is divided by 58?
32
What is the remainder when 27549 is divided by 27?
9
Calculate the remainder when 35830 is divided by 1098.
694
Calculate the remainder when 978 is divided by 489.
0
Calculate the remainder when 200189 is divided by 46.
43
What is the remainder when 26927 is divided by 26894?
33
What is the remainder when 1823 is divided by 939?
884
Calculate the remainder when 355 is divided by 179.
176
Calculate the remainder when 24016 is divided by 3422.
62
Calculate the remainder when 249176 is divided by 104.
96
Calculate the remainder when 850487 is divided by 31.
2
What is the remainder when 8448 is divided by 4215?
18
Calculate the remainder when 21058 is divided by 1553.
869
What is the remainder when 19444 is divided by 9695?
54
Calculate the remainder when 375 is divided by 235.
140
Calculate the remainder when 3954 is divided by 19.
2
What is the remainder when 1033 is divided by 67?
28
What is the remainder when 20419 is divided by 14?
7
Calculate the remainder when 254194 is divided by 938.
934
What is the remainder when 10523 is divided by 73?
11
What is the remainder when 3813 is divided by 9?
6
Calculate the remainder when 62986 is divided by 15743.
14
Calculate the remainder when 8954 is divided by 22.
0
Calculate the remainder when 4376 is divided by 14.
8
Calculate the remainder when 9777 is divided by 44.
9
Calculate the remainder when 68108 is divided by 3.
2
Calculate the remainder when 54823 is divided by 630.
13
Calculate the remainder when 853395 is divided by 7.
4
Calculate the remainder when 28460 is divided by 1778.
12
What is the remainder when 1706 is divided by 87?
53
Calculate the remainder when 17337 is divided by 4267.
269
What is the remainder when 1973 is divided by 57?
35
Calculate the remainder when 4624 is divided by 55.
4
Calculate the remainder when 367206 is divided by 104.
86
What is the remainder when 46747 is divided by 3330?
127
What is the remainder when 14190 is divided by 104?
46
Calculate the remainder when 66169 is divided by 547.
529
Calculate the remainder when 5412 is divided by 660.
132
Calculate the remainder when 41515 is divided by 63.
61
What is the remainder when 41680 is divided by 259?
240
What is the remainder when 14803 is divided by 14745?
58
Calculate the remainder when 19902 is divided by 3970.
52
What is the remainder when 37431 is divided by 77?
9
What is the remainder when 3683219 is divided by 782?
781
Calculate the remainder when 44418 is divided by 116.
106
Calculate the remainder when 3292 is divided by 1638.
16
What is the remainder when 7577 is divided by 318?
263
Calculate the remainder when 16833 is divided by 99.
3
What is the remainder when 8318 is divided by 225?
218
What is the remainder when 1734 is divided by 60?
54
What is the remainder when 1832 is divided by 66?
50
What is the remainder when 13077 is divided by 109?
106
What is the remainder when 10293 is divided by 1614?
609
What is the remainder when 566540 is divided by 116?
112
What is the remainder when 163496 is divided by 3802?
10
Calculate the remainder when 43573 is divided by 989.
57
Calculate the remainder when 12665 is divided by 410.
365
Calculate the remainder when 2288590 is divided by 828.
826
What is the remainder when 24309 is divided by 4861?
4
What is the remainder when 70150 is divided by 474?
472
Calculate the remainder when 345838 is divided by 18201.
19
Calculate the remainder when 5934 is divided by 110.
104
Calculate the remainder when 147214 is divided by 49.
18
What is the remainder when 1913 is divided by 73?
15
Calculate the remainder when 74349 is divided by 37166.
17
Calculate the remainder when 22364 is divided by 22301.
63
What is the remainder when 61917 is divided by 1207?
360
What is the remainder when 17993 is divided by 326?
63
What is the remainder when 1230746 is divided by 61?
10
Calculate the remainder when 32105 is divided by 46.
43
Calculate the remainder when 627 is divided by 36.
15
Calculate the remainder when 1801 is divided by 1734.
67
Calculate the remainder when 1050099 is divided by 71.
9
What is the remainder when 6114 is divided by 26?
4
What is the remainder when 17355 is divided by 1339?
1287
What is the remainder when 218591 is divided by 9?
8
Calculate the remainder when 7053 is divided by 5368.
1685
What is the remainder when 14499 is divided by 122?
103
Calculate the remainder when 7391 is divided by 54.
47
What is the remainder when 13914 is divided by 120?
114
Calculate the remainder when 7294 is divided by 229.
195
What is the remainder when 6349 is divided by 371?
42
Calculate the remainder when 5589 is divided by 1275.
489
What is the remainder when 21508 is divided by 7154?
46
Calculate the remainder when 16166 is divided by 311.
305
Calculate the remainder when 1294 is divided by 407.
73
What is the remainder when 333758 is divided by 40?
38
What is the remainder when 168135 is divided by 277?
273
What is the remainder when 3104 is divided by 396?
332
Calculate the remainder when 16848 is divided by 1178.
356
Calculate the remainder when 2732 is divided by 323.
148
What is the remainder when 1518981 is divided by 657?
654
Calculate the remainder when 824193 is divided by 91576.
9
Calculate the remainder when 35243 is divided by 3.
2
What is the remainder when 51626 is divided by 17131?
233
What is the remainder when 2508 is divided by 835?
3
What is the remainder when 1617 is divided by 46?
7
Calculate the remainder when 74169 is divided by 1454.
15
What is the remainder when 986075 is divided by 35?
20
What is the remainder when 2509098 is divided by 55?
53
What is the remainder when 605531 is divided by 90?
11
Calculate the remainder when 1893 is divided by 308.
45
Calculate the remainder when 30815 is divided by 6147.
80
What is the remainder when 3485596 is divided by 160?
156
Calculate the remainder when 9663 is divided by 9576.
87
What is the remainder when 1789 is divided by 862?
65
Calculate the remainder when 19082 is divided by 3174.
38
What is the remainder when 1920 is divided by 953?
14
What is the remainder when 34133 is divided by 1177?
0
What is the remainder when 1062863 is divided by 72?
71
What is the remainder when 30706 is divided by 185?
181
Calculate the remainder when 34568 is divided by 345.
68
Calculate the remainder when 1606 is divided by 460.
226
What is the remainder when 7462 is divided by 408?
118
Calculate the remainder when 2930 is divided by 117.
5
Calculate the remainder when 1136 is divided by 173.
98
Calculate the remainder when 10475 is divided by 868.
59
What is the remainder when 51670 is divided by 1229?
52
What is the remainder when 12451 is divided by 12420?
31
What is the remainder when 332273 is divided by 780?
773
Calculate the remainder when 112535 is divided by 5626.
15
Calculate the remainder when 83210 is divided by 187.
182
What is the remainder when 67672 is divided by 293?
282
What is the remainder when 72387 is divided by 319?
293
Calculate the remainder when 120243 is divided by 251.
14
What is the remainder when 29304 is divided by 1734?
1560
What is the remainder when 6781 is divided by 54?
31
Calculate the remainder when 23769 is divided by 3393.
18
What is the remainder when 39053 is divided by 81?
11
Calculate the remainder when 77311 is divided by 44.
3
What is the remainder when 1787 is divided by 197?
14
What is the remainder when 21033 is divided by 34?
21
Calculate the remainder when 7402 is divided by 2465.
7
Calculate the remainder when 10683 is divided by 100.
83
Calculate the remainder when 535880 is divided by 95.
80
Calculate the remainder when 6505 is divided by 3215.
75
Calculate the remainder when 763649 is divided by 38182.
9
What is the remainder when 5236 is divided by 1727?
55
Calculate the remainder when 88529 is divided by 88500.
29
Calculate the remainder when 2693 is divided by 831.
200
What is the remainder when 26923 is divided by 104?
91
What is the remainder when 19047 is divided by 307?
13
Calculate the remainder when 81114 is divided by 40419.
276
What is 